the remainder when 221 is divided by w(-40)?
69
Let f(s) = s**2 - 24*s + 164. Suppose 3*d - 3*c + 54 = 4*d, -2*c - 304 = -5*d. Calculate the remainder when d is divided by f(11).
18
Let v = -4701 - -9153. What is the remainder when v is divided by 15?
12
Suppose 0 = 3*v - 0*v + 384. Calculate the remainder when 26 is divided by (-10)/15*(v/4 - 1).
4
Suppose 18*i + 8*i - 2704 = 10*i. What is the remainder when 2703 is divided by i?
168
Suppose -o + 3*a + 8 = 0, 8*o = 5*o + 5*a + 36. Suppose 4*h + 725 = 6*h + 3*m, 2*h - 685 = 5*m. Calculate the remainder when h is divided by o.
15
Suppose 1182 = 2*w - 16*o + 18*o, 1759 = 3*w - 4*o. What is the remainder when w is divided by 8?
5
Let x = -2268 + 2891. What is the remainder when x is divided by 25?
23
Let z(r) = 3*r**2 - 1 + 5*r + 2*r**3 - 3*r**3 + 3*r**2. Suppose -316 = -7*p - 274. Calculate the remainder when 201 is divided by z(p).
27
Let t = 20 + 13. Let u be (-184)/(-18) - 2/9. Calculate the remainder when (4 + 2)/(11/(2365/u)) is divided by t.
30
Suppose -158*w - 619 = -4253. What is the remainder when 114 is divided by w?
22
Let y(c) = -25*c**2 + 18*c - 12. Let u be y(6). Let j = u - -909. What is the remainder when j is divided by 53?
52
Suppose 11*n + 56 = 2*v + 8*n, -5*v - n + 123 = 0. What is the remainder when 359 is divided by v?
9
Let o be 794/38 + (-34)/(-323). Suppose 4 = o*d - 59. What is the remainder when 40 is divided by d?
1
Let j(f) be the third derivative of f**5/2 + f**4/4 - 4*f**3/3 - f**2. Let b be (-3 + 2 + 0)/((-16)/32). Calculate the remainder when j(b) is divided by 42.
40
Let z(w) = -w**3 - 25*w**2 + 26*w + 45. Calculate the remainder when 817 is divided by z(-27).
16
Suppose -w - 399 = -4*h + 671, w = 6. What is the remainder when h is divided by 8?
5
Let a = 228 - 219. Suppose -15*k = -a*k - 108. What is the remainder when 47 is divided by k?
11
Suppose -28*r - 2*r - 12*r = -1008. What is the remainder when 126 is divided by r?
6
Suppose 198 = -0*k + 11*k. Suppose 2*n = -0*n - 2*l + 24, 2*n - 4*l = k. Suppose 0 = 4*p - 1 - n. What is the remainder when p is divided by 1?
0
Let k = 4955 + -4570. Calculate the remainder when k is divided by 3.
1
Suppose 0 = s + 7 - 2, -4*l = s - 119. Let j be 3/(3/2*-1). Calculate the remainder when l is divided by (-8*(-3 - j))/1.
7
Let f be 15*(-3)/18*-130. Let q = f - 309. What is the remainder when 605 is divided by q?
13
Let z be ((-7191)/(-94))/(-1 - 1/(-2)). Let y = z + 177. What is the remainder when 115 is divided by y?
19
Suppose 4*l - 59 = -51. Suppose -l*f = 8, -4*c - 5*f = -2*c - 26. Calculate the remainder when 23 is divided by c.
0
Suppose -35 = -2*h + 5*x, -48 = -4*h + 15*x - 27*x. What is the remainder when 937 is divided by h?
7
Let x(d) = -d**2 - 20*d + 45. Let q be x(-22). Calculate the remainder when 17 is divided by (-5)/(-15)*(q - -32).
6
Suppose 0 = 17*q - 11*q - 13*q + 4396. Calculate the remainder when q is divided by 309.
10
Let m be ((-72)/(-1))/(6/(-15)) - 4. Let g = -162 - m. Calculate the remainder when 63 is divided by g.
19
Let f be 32/176 + (-442)/11. What is the remainder when (f/8)/((-2)/46) is divided by 29?
28
Calculate the remainder when 23035/25 + 51/85 is divided by 62.
54
Let l(w) = -20*w - 36. Let j(g) = 18*g - 273. Let y be j(15). What is the remainder when 166 is divided by l(y)?
22
Suppose -59*y + 20112 = 701. What is the remainder when 392 is divided by y?
63
Let k = -13 - -19. Let w(m) be the third derivative of m**5/30 - 11*m**4/24 + 2*m**3 - 25*m**2. Calculate the remainder when w(k) is divided by 10.
8
Let c(a) = 964*a**2 + 49*a - 49. What is the remainder when c(1) is divided by (1/(-2))/(1/((-168)/2))?
40
Let b(t) = -30*t + 3. Suppose -2*j + 3*q + 60 = -20, 0 = -2*j + 4*q + 86. Calculate the remainder when b(-4) is divided by j.
30
Let b = 367 - 290. Let z = b + -70. Calculate the remainder when 17 is divided by z.
3
Let k = 334 + 127. Let q = k + -348. Calculate the remainder when q is divided by 38.
37
Suppose 2*p + 21*v - 17*v - 256 = 0, 132 = p + 4*v. Calculate the remainder when 2726 is divided by p.
122
Let s(g) = g**2 + 10*g - 257. Let a(d) = -d + 3. Let j be a(4). What is the remainder when 20/j*(-42)/35 is divided by s(-22)?
3
Suppose 142 = -17*p + 18*p + 3*a, 2*a = p - 157. Calculate the remainder when 568 is divided by p.
115
Let k(o) = -36*o + 5. Let h be (4 + (-140)/15)/((-4)/(-42)). What is the remainder when k(-4) is divided by 36 - (16/h + (-12)/7)?
35
Let d be 7/(-1) - (5 + (3 - 6)). What is the remainder when (404/12)/((-3)/d) is divided by 13?
10
Let h be -5*(-68)/10*6. Suppose 4*x = -72 + h. Suppose 0 = 8*t - t + 4*t - 154. Calculate the remainder when x is divided by t.
5
Let d = 2748 + -2702. What is the remainder when 406 is divided by d?
38
Suppose b - 3*b + 345 = 3*k, 0 = 3*b - 9. Calculate the remainder when 558 is divided by k.
106
What is the remainder when 5*2587/(-65)*-1 is divided by 12?
7
Let v(n) = 11*n - 17. Suppose -42 = -j - 39. What is the remainder when 29 is divided by v(j)?
13
Suppose -400*z = -225*z - 2975. Calculate the remainder when 16931 is divided by z.
16
Let w = 15839 + -13868. Calculate the remainder when w is divided by 21.
18
Suppose -12*f - 6244 = -1384. What is the remainder when 888 is divided by (0 - -1)/((30/(-6))/f)?
78
Let w(z) = z**3 + 8*z**2 - 8*z - 24. Let v be w(-8). Suppose m + v = 2*s - m, 41 = 2*s - m. Calculate the remainder when 42 is divided by s.
0
Let t(c) = -c**2 + 7*c + 26. Let d be t(9). Calculate the remainder when 0 + 27 + 2 + -2 is divided by 7 + 6/(-6) + d.
13
Let y(u) = -230*u + 230. Calculate the remainder when y(-8) is divided by 37.
35
Suppose -52*m + 37*m + 3853 = 1483. Calculate the remainder when 3628 is divided by m.
152
What is the remainder when 180 is divided by -20*(-10 - -4 - -3)?
0
Suppose -25*g + 6*g + 452 + 289 = 0. What is the remainder when 139 is divided by g?
22
Calculate the remainder when (6693 - 3)*42/252 is divided by 25.
15
Let a = -21 - -26. Suppose 2*b - 4*b + 4*x = 4, 0 = 2*b - a*x + 7. Suppose -b*o = -5*o + 5. What is the remainder when 13 is divided by o?
3
Let o be (-2)/(-13 - -1) + (-5)/30. Let q(i) = 5*i - 2*i + o*i + 2*i**2 + i - 13. Calculate the remainder when 18 is divided by q(-4).
0
Let r = 11796 + -11607. What is the remainder when 907 is divided by r?
151
Suppose a = 5*c - 12583, 16*a - 2509 = -c + 20*a. Calculate the remainder when c is divided by 168.
165
Let m = -80 + 67. Let j = m + 225. Suppose 5*z + 5*l - 375 = 0, -2*z = -3*l + 47 - j. What is the remainder when z is divided by 20?
18
Let p(a) = -2*a + 38. Let m be p(9). What is the remainder when 85 is divided by 84/(-12) + (m - -2)?
10
Suppose -3*y = -5*d - 172, 4*d + 94 = 4*y - 130. Suppose -55*v = -44*v - 3927. Let u = v + -197. What is the remainder when u is divided by y?
52
Let u(j) = 6*j + 61. Let d be u(-11). Calculate the remainder when 138 is divided by (4/d)/((-20)/1850).
64
Suppose 123*p - 34894 + 5374 = 0. Calculate the remainder when 998 is divided by p.
38
Calculate the remainder when 1258 is divided by -3*(-280)/(-42)*(-78)/15.
10
Suppose -3916*y - 23000 = -3936*y. What is the remainder when y is divided by 89?
82
Calculate the remainder when -8*(-13)/(-26) + 514 is divided by 248.
14
Let q be 1*-3*62/3. Let v = -1190099 + 1190180. What is the remainder when v is divided by q/(-3) - (-1)/3?
18
Let l be (1 + -4 + 10 - 4) + 31. Suppose 33*j - 2 = l*j. What is the remainder when 64 is divided by j/4*(0 + -60 + 2)?
6
Let u = -53 + 67. Suppose -12*h - 6 = -u*h. Let i(a) = 25*a + 11. Calculate the remainder when i(h) is divided by 30.
26
Let w = -1508 - -1562. Let z be 3*(-3 + (-38)/(-6)). Calculate the remainder when w is divided by 294/z + (-10)/25.
25
Suppose -5*d - 423 = 82. Suppose 322 = -4*n + 2*r, 429 = -3*n + r + 191. Let y = n - d. Calculate the remainder when y is divided by 10.
4
Calculate the remainder when (2976 + 3)/((3 - 16) + 14) is divided by 149.
148
Let l(a) = -2*a + 194. What is the remainder when l(41) is divided by 41?
30
Let m(c) = -12*c - 19. Let b(q) = 19*q + 28. Let k(z) = 5*b(z) + 8*m(z). What is the remainder when 38 is divided by k(-24)?
2
Let n(s) = -7*s - 1. Let c = -103 + 68. What is the remainder when n(-2) is divided by (42/c)/(5/(-25))?
1
Let k(t) = 38*t - 4. 